{"id":322,"date":"2014-02-01T16:35:06","date_gmt":"2014-02-01T16:35:06","guid":{"rendered":"http:\/\/pgbsosyalizm.org\/yenicms\/?page_id=322"},"modified":"2014-02-01T16:35:06","modified_gmt":"2014-02-01T16:35:06","slug":"kitaplar","status":"publish","type":"page","link":"https:\/\/pgbsosyalizm.org\/?page_id=322","title":{"rendered":"Kitaplar"},"content":{"rendered":"<p>Burada Kardelen Yay\u0131nlar\u0131 olarak ge\u00e7mi\u015fte \u00e7\u0131kard\u0131\u011f\u0131m\u0131z kitaplar\u0131 bulabilirsiniz. Bas\u0131l\u0131 olarak edinmek i\u00e7in bizimle irtibata ge\u00e7ebilirsiniz.<\/p>\n<p><a title=\"Ge\u00e7i\u015f Program\u0131\" href=\"https:\/\/pgbsosyalizm.org\/yenicms\/wp-content\/uploads\/2012\/12\/Trocki, Lev - Gecis Programi.pdf\"><img loading=\"lazy\" decoding=\"async\" title=\"Ge\u00e7i\u015f Program\u0131\" alt=\"Ge\u00e7i\u015f Program\u0131 Kitap Kapa\u011f\u0131\" src=\"https:\/\/pgbsosyalizm.org\/yenicms\/wp-content\/uploads\/2012\/12\/GECIS.PNG\" width=\"200\" height=\"290\" border=\"0\" \/><\/a>\u00a0<a title=\"Marksizmi Savunurken\" href=\"https:\/\/pgbsosyalizm.org\/yenicms\/wp-content\/uploads\/2012\/12\/Trocki, Lev - Marksizmi Savunurken.pdf\"><img loading=\"lazy\" decoding=\"async\" title=\"Marksizm'i Savunurken\" alt=\"Marksizm'i Savunurken Kitap Kapa\u011f\u0131\" src=\"https:\/\/pgbsosyalizm.org\/yenicms\/wp-content\/uploads\/2012\/12\/savunurken.png\" width=\"200\" height=\"290\" border=\"0\" \/><\/a>\u00a0<a href=\"https:\/\/pgbsosyalizm.org\/yenicms\/wp-content\/uploads\/2012\/12\/Schoenman, Ralph - Siyonizmin Gizli Tarihi.pdf\"><img loading=\"lazy\" decoding=\"async\" title=\"Siyonizmin Gizli Tarihi\" alt=\"Siyonizmin Gizli Tarihi Kitap Kapa\u011f\u0131\" src=\"https:\/\/pgbsosyalizm.org\/yenicms\/wp-content\/uploads\/2012\/12\/SIYONIZM.PNG\" width=\"200\" height=\"290\" border=\"0\" \/><\/a><\/p>\n<p>A\u015fa\u011f\u0131daki kitaplar\u0131 ise bas\u0131l\u0131 olarak edinmek i\u00e7in bizimle irtibata ge\u00e7ebilirsiniz.<\/p>\n<p><img loading=\"lazy\" decoding=\"async\" title=\"Sonu\u00e7lar ve Olas\u0131l\u0131klar\" alt=\"Sonu\u00e7lar ve Olas\u0131l\u0131klar Kitap Kapa\u011f\u0131\" src=\"https:\/\/pgbsosyalizm.org\/yenicms\/wp-content\/uploads\/2012\/12\/SONUCLAR.PNG\" width=\"200\" height=\"290\" border=\"0\" \/>\u00a0<img loading=\"lazy\" decoding=\"async\" title=\"Kad\u0131n\u0131n G\u00f6r\u00fcnmeyen Eme\u011fi\" alt=\"Kad\u0131n\u0131n G\u00f6r\u00fcnmeyen Eme\u011fi Kitap Kapa\u011f\u0131\" src=\"https:\/\/pgbsosyalizm.org\/yenicms\/wp-content\/uploads\/2012\/12\/KADIN.PNG\" width=\"200\" height=\"290\" border=\"0\" \/>\u00a0<img loading=\"lazy\" decoding=\"async\" title=\"T\u00fcrkiye'de S\u0131n\u0131f M\u00fccadeleleri\" alt=\"T\u00fcrkiye'de S\u0131n\u0131f M\u00fccadeleleri Kitap Kapa\u011f\u0131\" src=\"https:\/\/pgbsosyalizm.org\/yenicms\/wp-content\/uploads\/2012\/12\/SINIF.PNG\" width=\"200\" height=\"290\" border=\"0\" \/><\/p>\n<p><img loading=\"lazy\" decoding=\"async\" title=\"\u00c7a\u011fda\u015f Toplum ve Marksizm\" alt=\"\u00c7a\u011fda\u015f Toplum ve Marksizm Kitap Kapa\u011f\u0131\" src=\"https:\/\/pgbsosyalizm.org\/yenicms\/wp-content\/uploads\/2012\/12\/CAGDAS.PNG\" width=\"200\" height=\"290\" border=\"0\" \/>\u00a0<img loading=\"lazy\" decoding=\"async\" title=\"Kemalist Devlet\" alt=\"Kemalist Devlet Kitap Kapa\u011f\u0131\" src=\"https:\/\/pgbsosyalizm.org\/yenicms\/wp-content\/uploads\/2012\/12\/KEMDEV.PNG\" width=\"200\" height=\"290\" border=\"0\" \/>\u00a0<img loading=\"lazy\" decoding=\"async\" title=\"Lenin'i Yakmal\u0131 m\u0131?\" alt=\"Lenin'i Yakmal\u0131 m\u0131? Kitap Kapa\u011f\u0131\" src=\"https:\/\/pgbsosyalizm.org\/yenicms\/wp-content\/uploads\/2012\/12\/LENIN.PNG\" width=\"200\" height=\"290\" border=\"0\" \/><\/p>\n<p>&nbsp;<\/p>\n","protected":false},"excerpt":{"rendered":"<p>Burada Kardelen Yay\u0131nlar\u0131 olarak ge\u00e7mi\u015fte \u00e7\u0131kard\u0131\u011f\u0131m\u0131z kitaplar\u0131 bulabilirsiniz. Bas\u0131l\u0131 olarak edinmek i\u00e7in bizimle irtibata ge\u00e7ebilirsiniz. \u00a0\u00a0 A\u015fa\u011f\u0131daki kitaplar\u0131 ise bas\u0131l\u0131 olarak edinmek i\u00e7in bizimle irtibata ge\u00e7ebilirsiniz. \u00a0\u00a0 \u00a0\u00a0 &nbsp;<\/p>\n","protected":false},"author":1,"featured_media":0,"parent":0,"menu_order":0,"comment_status":"closed","ping_status":"open","template":"","meta":{"footnotes":""},"class_list":["post-322","page","type-page","status-publish","hentry"],"_links":{"self":[{"href":"https:\/\/pgbsosyalizm.org\/index.php?rest_route=\/wp\/v2\/pages\/322","targetHints":{"allow":["GET"]}}],"collection":[{"href":"https:\/\/pgbsosyalizm.org\/index.php?rest_route=\/wp\/v2\/pages"}],"about":[{"href":"https:\/\/pgbsosyalizm.org\/index.php?rest_route=\/wp\/v2\/types\/page"}],"author":[{"embeddable":true,"href":"https:\/\/pgbsosyalizm.org\/index.php?rest_route=\/wp\/v2\/users\/1"}],"replies":[{"embeddable":true,"href":"https:\/\/pgbsosyalizm.org\/index.php?rest_route=%2Fwp%2Fv2%2Fcomments&post=322"}],"version-history":[{"count":1,"href":"https:\/\/pgbsosyalizm.org\/index.php?rest_route=\/wp\/v2\/pages\/322\/revisions"}],"predecessor-version":[{"id":323,"href":"https:\/\/pgbsosyalizm.org\/index.php?rest_route=\/wp\/v2\/pages\/322\/revisions\/323"}],"wp:attachment":[{"href":"https:\/\/pgbsosyalizm.org\/index.php?rest_route=%2Fwp%2Fv2%2Fmedia&parent=322"}],"curies":[{"name":"wp","href":"https:\/\/api.w.org\/{rel}","templated":true}]}}